= -4*b + 6*m, -56 = -2*b + 4*m. What is the units digit of b?
8
Suppose 2*y + 1 = 7. What is the units digit of -10*y/(-6) + 2?
7
Suppose 0 = -4*f - 27 + 7, 97 = -2*n + f. Let g = -31 - n. What is the tens digit of g?
2
Let d(f) = 8*f**2 - 4*f + 1. What is the units digit of d(3)?
1
Let j(z) = 2*z**3 - 17*z**2 + 7*z - 5. What is the units digit of j(9)?
9
Suppose 0 = -0*g + 5*g - 10. Let f(n) = 2 + 2*n + 2*n - n + 4*n**g + 0*n. What is the units digit of f(-2)?
2
Let n(v) = 4*v**2 + v + 2. Let q be n(-2). What is the tens digit of (0/(-3) - 3) + q?
1
Let v(q) = -3*q**3 - 3*q**2 - 4*q. Let m(t) = 10*t**3 + 8*t**2 + 13*t. Let o(z) = -2*m(z) - 7*v(z). What is the tens digit of o(-3)?
1
Let g = 34 + -13. Let l be 26/7 - (-6)/g. Suppose -20 = -4*r, -l*k = -2*r + 11 - 61. What is the units digit of k?
5
Let i be (-21)/35 + (-2)/5. Let v(j) = 2*j**2 + 2*j + 1. What is the units digit of v(i)?
1
Let a = 2 + -4. Let m = 6 - a. Suppose -3*u - 2*f = -f - m, -23 = 2*u - 5*f. What is the units digit of u?
1
Let j = 73 - 39. What is the units digit of j?
4
Let r(s) = -s + 1. Let o be r(-1). Suppose -o*q - n = -8, q - 2*n - 4 = -n. What is the units digit of (-5)/(15/(-6)) + q?
6
Let o(v) = 3*v**2 - 7*v + 7. Let p be o(7). Suppose 6*a = a + p. What is the units digit of a?
1
Let p = 190 - -196. What is the tens digit of p?
8
Let w(x) = 4*x**2 - 3 + 3. Let y = 3 + -4. What is the units digit of w(y)?
4
Suppose -8 = -4*n + 8. Suppose 23 = n*k - 17. What is the tens digit of k?
1
Suppose 0 = -5*k + 4*i - 4 - 6, 5*i - 25 = 0. Suppose 2*n = -k*l + 34, 3*n = 3*l + 24 - 3. What is the tens digit of n?
1
Suppose 2*f - 2 - 4 = 0. Let r(p) = -p + 8. Let c be r(5). Suppose -c = -f*t - 0*t. What is the units digit of t?
1
Suppose -4*r + 102 - 22 = 0. Suppose -5*j + r = -7*t + 4*t, -20 = -t - 5*j. Suppose t = -4*c + 5*f - 2*f + 28, -5*c - 5*f = 0. What is the units digit of c?
4
Suppose 0 = -4*i + u - 5 + 21, -i = 2*u + 5. Suppose -4*z = -16, i*z - z = -5*b + 28. What is the units digit of b?
4
What is the units digit of (6/10)/((-5)/(-3125))?
5
Suppose -4*i = -473 + 117. What is the units digit of i?
9
Let f be (1 - -2)/(6 + -5). What is the tens digit of 33*(2 - 5/f)?
1
Suppose 2*r - 4 = 4. Suppose -r*l = -5*l + 2, q - 4*l = -10. What is the units digit of (1/2)/(q/(-12))?
3
Suppose -2*b + 265 = -3*v, -4*v = -5*b + 2*b + 400. What is the units digit of 4/6 + b/15?
0
Suppose -5*o + 12 = -3. Suppose 0*m = m - 3*r - 5, o*r = 9. Suppose -f - f = -m. What is the units digit of f?
7
Let s(d) = 2*d**2 + 3*d. Let k be s(-2). Let w(u) = 7*u**k - 2*u - 4*u + u**3 - 2*u**2 + 8. What is the units digit of w(-6)?
8
Let c = -3 - -2. Let h(v) = -v**3 + 4*v**2 + 7*v + 3. Let n(f) = -f**2 - f - 1. Let o(q) = c*h(q) - 3*n(q). What is the units digit of o(3)?
6
Suppose 3*t - 525 = -3*y, 2*t = -6*y + y + 347. What is the units digit of t?
6
Let n(o) = 7*o + 1. What is the units digit of n(5)?
6
Suppose 4*i - 4*m - 8 = 2*i, i + 4*m - 16 = 0. What is the units digit of i?
8
Suppose -3*k + 216 = 5*s, -2*s - 7*k = -4*k - 90. Let y(c) = -c**2 + 6*c - 5. Let b be y(4). Suppose b*v = -0*v + s. What is the units digit of v?
4
Suppose 4*m + 3*i - 43 = 0, -4*m = 2*i - i - 33. Let y be 7*m - (-4 + 2). Suppose y = 5*s + 16. What is the units digit of s?
7
Suppose -3 = -3*m - 0*m. Let d = m - -37. What is the units digit of d?
8
Suppose 2*w = y + 51, -5*w + 2*y + 131 = 3*y. What is the tens digit of w?
2
Let w be -2 - ((1 - 4) + 6). Let t(l) = 4*l**2 + 7*l + 7. Let x be t(w). Suppose -x + 12 = -3*p. What is the units digit of p?
0
Let b = -19 - -27. Let r be (-1)/2 + 260/b. Suppose 0 = 3*z - r + 8. What is the units digit of z?
8
Let a be 18/21*(-6 + -1). What is the units digit of a/(-4) + 12/8?
3
Let s = 38 - 26. Suppose -p = p - s. What is the units digit of p?
6
Let r(z) be the third derivative of -1/60*z**5 + 0*z + 0 + z**2 + 1/6*z**4 - 1/3*z**3. What is the units digit of r(3)?
1
Suppose 3*u + 5*v = 92, -3*u + 108 = -3*v - 0*v. What is the units digit of u?
4
Let o(r) = 5*r - 18. What is the units digit of o(5)?
7
Suppose -2*j + 0 = -16. Suppose 2*f = -z - 2, 2*z + f - 10 = 4*f. Suppose -z*v + 0*v = -j. What is the units digit of v?
4
Suppose 9*p - 5*p - 44 = 0. Let g = -8 - -15. Let s = p - g. What is the units digit of s?
4
Let u(b) = 3*b**2 + b + 1. Let g be u(-1). Suppose -1 = -2*t + g. Suppose 0 = 6*d - t*d - 12. What is the units digit of d?
3
Suppose 18 = 2*o + 3*b - b, 0 = 4*o - 3*b - 1. Suppose 1 - 25 = -o*m. What is the units digit of m?
6
Suppose -2*j = 2*j - 720. Suppose 2*k - 7*k = -j. What is the units digit of k?
6
Suppose 13 - 3 = d. Let c = d + 3. What is the tens digit of c?
1
What is the units digit of 466/14 - ((-8)/(-28) - 0)?
3
Let j = -11 - -15. Let g = -2 + j. What is the units digit of g?
2
Suppose n + 2 = 5*n + 3*b, b = -n. Let m(j) = 4*j**2. Let q be m(n). Suppose 2*g + q = 6*g. What is the units digit of g?
4
Let c = 45 - 11. What is the units digit of c?
4
Let j(f) = 20*f + 3. What is the units digit of j(2)?
3
Let i be (-2)/(1 + 2/(-4)). Let y(a) = a + 1. Let s(l) = l**2 + 6*l - 1. Let h(v) = s(v) - 4*y(v). What is the units digit of h(i)?
3
Suppose -i = -2*i + 44. What is the tens digit of i?
4
Let j(w) = -w + 3. Let g be j(7). Let s = g + 19. What is the units digit of s?
5
Let f(t) = -t**2 + 5*t + 3. Let y be f(5). Let x(d) = d**3 - 2*d - 1. Let n be x(y). Suppose -5*b + 50 = -5*j + n, -2*b + 12 = -j. What is the units digit of b?
6
Let h(r) = r**3 - r + 4. Let n be h(0). Suppose -w - 12 = -n*w. Suppose -w*z + 36 = -0*z. What is the units digit of z?
9
What is the units digit of 1/6 - (-14286)/36?
7
Suppose -m + 4*t = -11, 16 = 4*m - 0*t - 2*t. Suppose 6 + 78 = m*a + 3*o, 2*o = -a + 25. What is the tens digit of a?
3
Let b(p) = 2*p - 1. What is the units digit of b(4)?
7
Let s = 224 - 133. What is the tens digit of s?
9
Suppose -31 = 3*c + 8. Let y = c - -25. What is the units digit of y?
2
Let l(x) = -x**2 + x. Let s be l(-1). What is the units digit of -3*(-1 - s - 2)?
3
Let n = -166 - -255. What is the tens digit of n?
8
Suppose 4*p = -h + 36, -5*h + 2*p - 6*p + 260 = 0. Let x = h - 20. What is the units digit of x?
6
Suppose -45 = -4*z + 31. Let q = -7 + z. What is the tens digit of q?
1
Let l = -5 - -5. Suppose 4*g + 35 + 33 = l. Let h = g - -27. What is the units digit of h?
0
Let p(a) = -3*a - 3. Let l = 5 - 7. Let r be p(l). What is the units digit of (-24)/(r/(-1)) + 0?
8
Suppose -81 - 77 = -2*t. What is the tens digit of t?
7
Suppose -l = -62 - 40. What is the hundreds digit of l?
1
Suppose 3*u + 0*u = -5*a + 247, -3*u = 3*a - 237. What is the tens digit of u?
7
Let q = 194 + -73. What is the hundreds digit of q?
1
Let d(o) = -13*o + 3. Let g(w) = 27*w - 7. Let u(s) = 5*d(s) + 2*g(s). What is the tens digit of u(-3)?
3
Let k be -2 + 30/(-9)*-3. What is the tens digit of ((-65)/(-20))/(2/k)?
1
Suppose 236 = 5*m - t - 128, 2*t = -8. What is the tens digit of m?
7
Let i(v) = -321*v**3 + 3*v**2 + 4*v + 2. What is the hundreds digit of i(-1)?
3
Suppose -g = -5*b + 58 + 9, -5*b = 3*g - 59. What is the units digit of b?
3
Let n be (15/12)/((-2)/24). What is the tens digit of n/9*(-11 - 1)?
2
Let s(y) = 4*y**2 - 2*y + 5. Let t be s(-4). Suppose 4*o - t = -2*x + 49, -5*x = -15. What is the tens digit of o?
3
Let z = 115 - 57. Let k = z + -7. What is the units digit of k?
1
Let k = 465 + -258. What is the tens digit of k?
0
Suppose 0 = c + 2*o - 29, 0 = 4*c + o - 52 - 36. What is the units digit of -2 - 7/(c/(-30))?
8
Let m be (-28)/(-6) - 2/3. Let a be (-135)/6*m/(-5). Suppose 2 = -3*q + j + a, -4*q - 5*j = 4. What is the units digit of q?
4
Let p(k) = -3*k + 68. What is the units digit of p(0)?
8
Suppose -2*c + 142 = -0*c. Let w = c - 46. What is the tens digit of w?
2
Suppose -4*x - 12 = 3*t, x + 3 + 0 = 5*t. Suppose t*g = 4*g - 100. What is the units digit of g?
5
Let k = 20 - 9. What is the tens digit of k?
1
Let b = 32 - 3. What is the units digit of b?
9
Suppose 0 = 2*j - 0*j - 136. What is the units digit of 10/20*j/2?
7
Suppose -4*m + 28 + 92 = 0. What is the tens digit of m?
3
Let l = -7 - -4. Let o = l + 3. Suppose 2*q = -r + 35, o*q = -q + 5*r + 23. What is the tens digit of q?
1
Let q = 16 + 34. Suppose 3*j = -2*j + q. What is the units digit of